alse
Let v = 54 + -60. Let m be 385 - 12/(v/(-2)). Suppose -3*a - 5*d + m = a, -d = -5. Is a a prime number?
True
Suppose -w - 24*h + 29*h = -7826, -5*h + 7876 = w. Is w a prime number?
False
Let z(c) = -26 - 20 + 2512*c + 55. Let q(t) = -t - 9. Let b be q(-11). Is z(b) a composite number?
True
Let m(u) = -110*u**3 - 8*u**2 + 3. Let j be m(-7). Suppose -5*o + j + 2329 = 0. Is o a composite number?
True
Let a = 394 - 675. Let u = a - -837. Suppose -4*s - 910 = -5*x + s, -3*x + u = -5*s. Is x prime?
False
Let l = 133 - 131. Let q(f) = 163*f + 1. Is q(l) a prime number?
False
Is (15/(-20)*2956/(-6))/(4/1208) prime?
False
Suppose -4*n + 24 = -5*k + 8, -4*n - 20 = 4*k. Is 5/(n*5/(-6145)*1) a prime number?
False
Suppose -3*o + 5*d + 1889047 = 0, o - 10*d - 629637 = -14*d. Is o a prime number?
False
Let b(o) = -46*o + 17. Suppose -3*j + 20 = j. Suppose 3*w = j*a - 0*a - 33, -w + 2*a = 12. Is b(w) prime?
True
Let w = 373 - 369. Suppose -w*a = 6*a - 55390. Is a prime?
False
Let o(h) be the third derivative of -3*h**5/4 - 3*h**4/8 - 5*h**3/3 - 40*h**2. Let p be o(-4). Is 10 - p - (2 - -1) composite?
False
Suppose 66*q - 12*q = 2424762. Is q a composite number?
True
Let d(q) = -513*q**3 + 5*q**2 - 18*q - 69. Is d(-5) composite?
False
Let i be -1925 - (1 + 1)/2*1. Let x = i + 5957. Is x a prime number?
False
Let s(y) = 35971*y**2 + 138*y + 519. Is s(-4) composite?
False
Is 13*(5/(-10))/(8/(-108464)) composite?
True
Let p be 282658 - 2 - 15/((-135)/(-36)). Suppose -7*k + p = -18495. Is k composite?
True
Is (-1334)/184*(-89448)/6 a prime number?
False
Let l(i) = -10*i + 11. Let j(m) = -29*m + 34. Let c(f) = 6*j(f) - 17*l(f). Let a be c(4). Suppose 3*g = 3*x - 2568, -4*g = -11 - a. Is x composite?
False
Let g(h) = -25*h - 42. Let z(i) = -1. Let v(p) = g(p) - z(p). Suppose 0*o + o - 2*w + 26 = 0, -108 = 5*o + w. Is v(o) a prime number?
True
Suppose 5*y = -39 - 6. Let m(f) = -14*f**3 + 7*f**3 + 10*f**2 - 12*f + 8*f**3 + 2. Is m(y) composite?
False
Let i = 238 - 162. Is (-2)/19 - -1*391332/i a composite number?
True
Let o = 87000 - 26734. Is o prime?
False
Let o = -608 - -162. Suppose 2*b + 134 = 2*u - 2*b, u = -5*b + 95. Let z = u - o. Is z a composite number?
False
Let q be (-4)/1 - 424/(-8). Let t = 650 + q. Is t composite?
True
Let a(h) = 523*h**3 - h**2 + 37*h - 41. Is a(10) a composite number?
True
Let s(l) be the second derivative of 191*l**3 - 73*l**2/2 + 275*l. Is s(6) prime?
True
Suppose 28*g - 5 = 29*g. Is (-182)/g - (-63)/105 a composite number?
False
Suppose 4 = 2*k + a - 8, 4*a = -4*k + 32. Let w be (-2*8/k + 4)/(-2). Suppose 7870 = -w*b + 10*b. Is b prime?
True
Let c = -2813 - -2814. Suppose -4*x + u + 1 = 0, -4*x + u + 4 = -3*x. Is ((-4)/8*x)/(c/1366) composite?
False
Suppose 5*s - 5*w - 41 = s, 4*w + 28 = 2*s. Suppose -11093 = s*a + 607. Is 2/((-6)/a) + 2 prime?
True
Let m(g) = g**3 + 8*g**2 - 9*g - 3. Let b be m(-9). Let k(h) = 17*h**3 + 5*h**2 + 4*h + 2. Let u be k(b). Let p = -125 - u. Is p composite?
True
Let w(d) = 134*d**3 - 5*d - 29. Let g(k) = 68*k**3 - 2*k - 15. Let z(o) = 5*g(o) - 3*w(o). Is z(-3) a composite number?
True
Let v = 303 + -298. Suppose -15*t = v*c - 14*t - 132243, 2*c = -t + 52896. Is c a composite number?
False
Suppose -x - 4*c + 2*c + 26341 = 0, -5*x + 3*c = -131770. Is x composite?
True
Let i = 1331 - -859. Let j = -1559 + i. Is j a composite number?
False
Let q be (11712 - 1 - -3) + -1 + 2. Let o = -4744 + q. Is o composite?
False
Suppose 0 = -6*y + 207 - 225. Is 8165 + (-9)/y - (-3)/1 a composite number?
False
Let g(x) = 105836*x - 9259. Is g(9) prime?
False
Suppose 3*b - 5*h - 2 = 0, 5*b + 3*h + h = -9. Let n = b + 4. Is n/(-3) - (-3)/(3/830) a prime number?
True
Suppose 2*t - 76011 = -n, -17*n + 2*t = -21*n + 304062. Is n prime?
False
Suppose -56*o - 1599413 = -5375101. Is o composite?
True
Is 31/217 - -4363*(-52)/(-7) a prime number?
True
Let l = -71 + 76. Suppose a + 3*m = 17467, 3*a + 34934 = l*a + 2*m. Is a a prime number?
True
Let q = -146346 + 1122617. Is q composite?
False
Let h(r) = -4*r - 131 + 2*r - r**2 + 0*r + 3*r**2 + 0*r. Is h(-27) composite?
False
Suppose -5*v - m + 1076 = -0*v, 4*v = -5*m + 865. Is v a composite number?
True
Suppose 5*x + 5*k + 25 = 0, 4*x - 4*k + 25 = -11. Is 6/(-14) - 1130/x prime?
False
Suppose 233957 = 193*m - 1349993 - 4952767. Is m composite?
True
Let v(i) = 2*i**3 - 6*i**2 - 11*i + 2. Let z be v(4). Let d(m) = 84*m**2 - 22*m - 119. Is d(z) a prime number?
True
Let n(q) = 849*q**2 - 5. Let l(b) = 1698*b**2 + b - 11. Let r(a) = 4*l(a) - 9*n(a). Let x be r(-3). Is (2/(-4))/(2/x) composite?
False
Suppose 2*i - 15 = -5. Let c(k) = -i - 6*k**2 + 71*k**3 + 2*k**2 - 13*k**3 + 5*k + 60*k**3. Is c(2) prime?
False
Let w(f) = -8060*f - 37. Let g be w(1). Let q = g - -15454. Is q a composite number?
True
Suppose 3*l - 4*o = 6, 16 = 5*l - 10*l - 2*o. Let u be (-5 + 10 - 0) + -20. Is (u - -19) + (l - 0) - -4305 composite?
True
Let b(k) = -11*k**3 + 26*k**2 + 252*k + 122. Is b(-29) prime?
True
Let n = 109 - 1723. Let q = n + 2901. Suppose -5*o - q = -3242. Is o prime?
False
Let d(g) = -g**2 - 17*g + 0*g**2 - 11 + 4*g. Let q be d(-12). Is 418/(3/q + -1) prime?
False
Let s = 2159212 + -955115. Is s composite?
False
Let n = -688 - -674. Let g(o) be the second derivative of 7*o**4/12 - 3*o**3/2 + 39*o**2/2 + o. Is g(n) prime?
False
Let c(y) = y**3 - 15*y**2 - 4*y + 26. Let x be c(16). Suppose -4*b - x = -t, -5*t + 5*b + 813 + 202 = 0. Let v = 899 + t. Is v composite?
False
Let v be (14/(-2))/(3/4881*1). Let g = -6162 - v. Is g composite?
False
Suppose -61595 = 9*t - 8072. Let q = t - -9846. Is q a composite number?
True
Suppose -116*k + 2*y = -114*k - 180122, 2*k - 5*y = 180122. Is k a composite number?
True
Let b(n) = 96*n**2 - 5*n - 18. Let z(q) = 2*q - 13. Let c be z(3). Is b(c) a prime number?
True
Let n(r) = -r**2 - 10*r + 21. Let w be n(-12). Let u(m) = 5366*m**2 + 2*m - 2. Let c be u(w). Is 4/34 + c/238 composite?
True
Let v be (2/(-2) + 284)*18/18. Suppose -4*c + 12 = -7*c. Is -1 + v*(-2 - c) composite?
True
Suppose x + 25 = -0*x + 3*r, r + 1 = 0. Is 8/x + -6 + (-125718)/(-42) composite?
True
Suppose 3120805 = 3*v + 2*n, 282793 = -2*v + 4*n + 2363335. Is v composite?
True
Let k = 81 + -102. Let i = -34 + k. Is 22/i - ((-1072)/5 + 0) prime?
False
Is 1/8 + ((76032255/(-104))/(-5) - 3) composite?
False
Let p(w) = 3*w**2 - 92*w + 526. Is p(66) a composite number?
True
Suppose -4*f = -3*l - 683213, -5*f + 32*l + 854002 = 33*l. Is f a composite number?
False
Suppose 2*a + u - 83 = -2*a, -u - 106 = -5*a. Suppose j - 6*j + 2*q + 7 = 0, -3*j - 3*q + a = 0. Is (-3 - 497/(-1)) + j prime?
False
Suppose 4*u - 1708772 = -2*o, -u + 238*o = 243*o - 427175. Is u a composite number?
True
Suppose -8*r - r = 27. Let g be (0 - r) + -2 - (127 - -1). Let i = 296 + g. Is i a composite number?
True
Is -4 + (-15)/(-4) + 168/32 + 34314 composite?
False
Suppose 19*y + 6 = 25*y. Suppose t - y = 0, 0 = -38*p + 39*p + 4*t - 545. Is p a composite number?
False
Let q(v) = 603*v**3 + 10*v**2 - 15*v - 3. Let x(r) = -5*r + 32. Let i be x(6). Is q(i) prime?
True
Let a = -189 - -188. Is 27 + -24 + a + 5091 composite?
True
Let a(u) = -u**3 + 8*u**2 - 5*u - 9. Let l be a(7). Suppose 0*y - l*y = -1795. Is y a prime number?
True
Suppose 0 = -55*n + 71796484 - 9662489. Is n a composite number?
True
Let n(h) = 5*h**2 - 2*h + 4. Let i be n(-7). Let t = -188 + i. Suppose 25*y - 28*y + t = 0. Is y a composite number?
True
Let b(j) be the third derivative of 701*j**4/12 - 37*j**3/6 + 118*j**2. Is b(2) a composite number?
False
Let a = 444 + -163. Let t = -103 + a. Is t composite?
True
Suppose -6*l + 2*l = 2*b - 44, -140 = -5*b + 5*l. Let v be ((-54)/4)/3*(-72)/3. Suppose b + v = m. Is m a composite number?
True
Let g = -95 + 93. Is (g/(-4) + -1)*(-44482)/23 a composite number?
False
Suppose 0 = 4*m + 7*m + 8*m - 10596167. Is m a prime number?
True
Let p be ((-10)/(-8))/(35/40 + -1). Let b be -1*(2/(-7) - p/35). Suppose -4*v + 13 + 111 = b. Is v prime?
True
Let i = 395 - 372. Suppose i*m = 64754 + 13469. Is m prime?
False
Suppose -156*y = 5*o - 151*y - 537370, 3*o = 4*y + 322443. Is o a prime number?
False
Suppose -5*f - 3*f - 161872 = 0. Let v = f + 33261. Is v prime?
False
Suppose -118 = l - 43. Let m be 5/(l/(-41766)) + 2/(-5)